n 1132624 is divided by 23.
12
What is the remainder when 952203 is divided by 2289?
2268
Calculate the remainder when 46657 is divided by 6.
1
Calculate the remainder when 9395 is divided by 12.
11
Calculate the remainder when 9308 is divided by 179.
0
What is the remainder when 5216 is divided by 64?
32
Calculate the remainder when 11807 is divided by 25.
7
What is the remainder when 303089 is divided by 38?
1
What is the remainder when 48118 is divided by 7993?
160
Calculate the remainder when 17974 is divided by 1796.
14
What is the remainder when 57782 is divided by 2063?
18
Calculate the remainder when 117909 is divided by 187.
99
What is the remainder when 22850 is divided by 816?
2
Calculate the remainder when 191174 is divided by 5974.
6
What is the remainder when 14686 is divided by 1213?
130
Calculate the remainder when 4031 is divided by 75.
56
What is the remainder when 104857 is divided by 214?
211
What is the remainder when 24528 is divided by 383?
16
What is the remainder when 2195 is divided by 459?
359
What is the remainder when 10189 is divided by 1452?
25
Calculate the remainder when 368153 is divided by 62.
59
Calculate the remainder when 362173 is divided by 181082.
9
Calculate the remainder when 11760 is divided by 498.
306
What is the remainder when 23693 is divided by 128?
13
What is the remainder when 14366 is divided by 599?
589
What is the remainder when 38360 is divided by 19173?
14
What is the remainder when 1293887 is divided by 74?
71
What is the remainder when 6583 is divided by 1313?
18
What is the remainder when 515 is divided by 43?
42
What is the remainder when 488 is divided by 303?
185
Calculate the remainder when 30603 is divided by 150.
3
Calculate the remainder when 7247 is divided by 145.
142
Calculate the remainder when 18325 is divided by 1018.
1
What is the remainder when 64676 is divided by 5389?
8
Calculate the remainder when 172487 is divided by 10.
7
Calculate the remainder when 1216816 is divided by 608401.
14
What is the remainder when 202748 is divided by 102?
74
Calculate the remainder when 22500 is divided by 2498.
18
What is the remainder when 121087 is divided by 44?
43
What is the remainder when 165904 is divided by 7541?
2
Calculate the remainder when 2118 is divided by 529.
2
What is the remainder when 7165 is divided by 2364?
73
What is the remainder when 1374 is divided by 438?
60
Calculate the remainder when 583444 is divided by 76.
68
Calculate the remainder when 20465 is divided by 2267.
62
Calculate the remainder when 12420 is divided by 72.
36
Calculate the remainder when 31700 is divided by 59.
17
What is the remainder when 5681 is divided by 942?
29
Calculate the remainder when 310281 is divided by 442.
439
What is the remainder when 105592 is divided by 43?
27
Calculate the remainder when 123227 is divided by 171.
107
What is the remainder when 5812870 is divided by 1612?
1610
Calculate the remainder when 14138 is divided by 2827.
3
What is the remainder when 116635 is divided by 8970?
25
What is the remainder when 36514 is divided by 17?
15
Calculate the remainder when 7931 is divided by 6.
5
What is the remainder when 270433 is divided by 165?
163
Calculate the remainder when 3768 is divided by 83.
33
What is the remainder when 247 is divided by 186?
61
What is the remainder when 2248 is divided by 2008?
240
Calculate the remainder when 11494 is divided by 5745.
4
Calculate the remainder when 715 is divided by 97.
36
What is the remainder when 28439 is divided by 9434?
137
What is the remainder when 68653 is divided by 16?
13
Calculate the remainder when 389 is divided by 59.
35
What is the remainder when 1283 is divided by 1255?
28
What is the remainder when 1654 is divided by 1463?
191
Calculate the remainder when 1292 is divided by 143.
5
Calculate the remainder when 1752 is divided by 186.
78
What is the remainder when 8720 is divided by 264?
8
What is the remainder when 32357 is divided by 85?
57
What is the remainder when 58781 is divided by 7340?
61
What is the remainder when 120944 is divided by 163?
161
What is the remainder when 922 is divided by 284?
70
What is the remainder when 6470 is divided by 358?
26
What is the remainder when 4045 is divided by 953?
233
What is the remainder when 2380 is divided by 231?
70
Calculate the remainder when 858 is divided by 282.
12
Calculate the remainder when 2687 is divided by 345.
272
What is the remainder when 11186 is divided by 2217?
101
Calculate the remainder when 5363685 is divided by 132.
129
What is the remainder when 585603 is divided by 53235?
18
What is the remainder when 225872 is divided by 174?
20
What is the remainder when 38880 is divided by 38859?
21
Calculate the remainder when 45144 is divided by 11277.
36
What is the remainder when 40566 is divided by 20241?
84
What is the remainder when 3195 is divided by 1362?
471
What is the remainder when 3079 is divided by 1527?
25
What is the remainder when 160818 is divided by 187?
185
What is the remainder when 482780 is divided by 1463?
1453
What is the remainder when 93225 is divided by 102?
99
What is the remainder when 3353 is divided by 827?
45
What is the remainder when 18197 is divided by 27?
26
Calculate the remainder when 191127 is divided by 47762.
79
What is the remainder when 9738 is divided by 26?
14
Calculate the remainder when 2003 is divided by 1668.
335
What is the remainder when 6888 is divided by 763?
21
What is the remainder when 543 is divided by 20?
3
What is the remainder when 9535 is divided by 98?
29
Calculate the remainder when 8236 is divided by 107.
104
What is the remainder when 23843 is divided by 3377?
204
What is the remainder when 843803 is divided by 12?
11
Calculate the remainder when 38148 is divided by 1329.
936
What is the remainder when 5170 is divided by 90?
40
Calculate the remainder when 464 is divided by 163.
138
What is the remainder when 3846 is divided by 74?
72
What is the remainder when 3080 is divided by 311?
281
Calculate the remainder when 836450 is divided by 135.
125
What is the remainder when 25564 is divided by 2538?
184
Calculate the remainder when 4737033 is divided by 1739.
1736
Calculate the remainder when 23651 is divided by 203.
103
Calculate the remainder when 920832 is divided by 4898.
8
Calculate the remainder when 3340 is divided by 135.
100
Calculate the remainder when 900 is divided by 61.
46
What is the remainder when 65209 is divided by 627?
1
What is the remainder when 8754 is divided by 700?
354
Calculate the remainder when 39403 is divided by 51.
31
Calculate the remainder when 20749 is divided by 27.
13
What is the remainder when 9850333 is divided by 33?
31
What is the remainder when 36046 is divided by 11?
10
Calculate the remainder when 693 is divided by 301.
91
What is the remainder when 797 is divided by 200?
197
What is the remainder when 3816 is divided by 1095?
531
What is the remainder when 173389 is divided by 958?
949
What is the remainder when 224796 is divided by 10?
6
What is the remainder when 150042 is divided by 75020?
2
Calculate the remainder when 64691 is divided by 1244.
3
What is the remainder when 577012 is divided by 102?
100
Calculate the remainder when 5716 is divided by 660.
436
What is the remainder when 22935 is divided by 165?
0
Calculate the remainder when 631721 is divided by 507.
506
What is the remainder when 192543 is divided by 38?
35
What is the remainder when 3578 is divided by 128?
122
What is the remainder when 1853486 is divided by 1376?
14
What is the remainder when 4499 is divided by 110?
99
What is the remainder when 10330 is divided by 30?
10
Calculate the remainder when 520 is divided by 255.
10
Calculate the remainder when 1086 is divided by 10.
6
What is the remainder when 27121 is divided by 23?
4
What is the remainder when 13226 is divided by 3?
2
What is the remainder when 11272 is divided by 275?
272
What is the remainder when 14429 is divided by 17?
13
What is the remainder when 118686 is divided by 516?
6
What is the remainder when 191133 is divided by 554?
3
What is the remainder when 325470 is divided by 325455?
15
Calculate the remainder when 381 is divided by 234.
147
Calculate the remainder when 456432 is divided by 69.
66
What 